{"id":127,"date":"2016-07-18T17:40:10","date_gmt":"2016-07-18T21:40:10","guid":{"rendered":"http:\/\/www.steffiebelanger.com\/?page_id=127"},"modified":"2025-04-22T12:03:49","modified_gmt":"2025-04-22T16:03:49","slug":"agenda","status":"publish","type":"page","link":"https:\/\/www.steffiebelanger.com\/?page_id=127","title":{"rendered":"Agenda"},"content":{"rendered":"\n<h3 class=\"wp-block-heading\"><span style=\"text-decoration: underline;\">\u00c9V\u00c9NEMENT \u00c0 VENIR<\/span><\/h3>\n\n\n\n<p class=\"has-vivid-purple-color has-text-color has-link-color has-x-large-font-size wp-elements-06b069a04183054989140826f81feb77\"><em><strong>Mi-figue, mi-raisin<\/strong><\/em><\/p>\n\n\n\n<p>Exposition \u00e0 la maison des artistes francophones de Winnipeg<\/p>\n\n\n\n<p>En collaboration avec l&rsquo;artiste Joannie Boulais<\/p>\n\n\n\n<p>\u00c9t\u00e9 2026<\/p>\n\n\n\n<hr class=\"wp-block-separator has-alpha-channel-opacity\"\/>\n\n\n\n<h3 class=\"wp-block-heading\"><span style=\"text-decoration: underline;\">\u00c9V\u00c9NEMENTS PASS\u00c9S<\/span><\/h3>\n\n\n\n<p class=\"has-luminous-vivid-amber-color has-text-color has-link-color has-x-large-font-size wp-elements-1356a487de11e99abf52a2c439dfc2f7\"><em><strong>Air d&rsquo;\u00e9t\u00e9, tout l\u00e9ger<\/strong><\/em><\/p>\n\n\n\n<p>Exposition solo \u00e0 CIRCA art actuel : mars \u00e0 avril 2025<\/p>\n\n\n\n<figure class=\"wp-block-image size-large\"><a href=\"https:\/\/www.steffiebelanger.com\/wp-content\/uploads\/2025\/04\/09BelangerSteffie-scaled.jpg\"><img loading=\"lazy\" decoding=\"async\" width=\"1024\" height=\"683\" src=\"https:\/\/www.steffiebelanger.com\/wp-content\/uploads\/2025\/04\/09BelangerSteffie-1024x683.jpg\" alt=\"\" class=\"wp-image-363\" srcset=\"https:\/\/www.steffiebelanger.com\/wp-content\/uploads\/2025\/04\/09BelangerSteffie-1024x683.jpg 1024w, https:\/\/www.steffiebelanger.com\/wp-content\/uploads\/2025\/04\/09BelangerSteffie-300x200.jpg 300w, https:\/\/www.steffiebelanger.com\/wp-content\/uploads\/2025\/04\/09BelangerSteffie-768x512.jpg 768w, https:\/\/www.steffiebelanger.com\/wp-content\/uploads\/2025\/04\/09BelangerSteffie-1536x1025.jpg 1536w, https:\/\/www.steffiebelanger.com\/wp-content\/uploads\/2025\/04\/09BelangerSteffie-2048x1366.jpg 2048w, https:\/\/www.steffiebelanger.com\/wp-content\/uploads\/2025\/04\/09BelangerSteffie-570x380.jpg 570w\" sizes=\"auto, (max-width: 1024px) 100vw, 1024px\" \/><\/a><figcaption class=\"wp-element-caption\">Cr\u00e9dit photo : Jean-Michael Seminaro<\/figcaption><\/figure>\n\n\n\n<h1 class=\"wp-block-heading has-light-green-cyan-color has-text-color has-link-color wp-elements-d51037465968395755980f6e707cc18c\"><span style=\"color: #ffcc99;\"><em>SERVEZ \u00c0 CE MONSIEUR UNE BI\u00c8RE ET DES KIWIS (en voyage)<\/em><\/span><\/h1>\n\n\n\n<p><span style=\"color: #000000;\"><strong>Le Lieu<\/strong>, centre en art actuel, Qu\u00e9bec<\/span><\/p>\n\n\n\n<p><span style=\"color: #000000;\">Exposition Solo<\/span><\/p>\n\n\n\n<p><span style=\"color: #ffcc99;\"><strong>20 Janvier au 11 f\u00e9vrier 2023<\/strong><\/span><\/p>\n\n\n\n<p><span style=\"color: #000000;\"><strong>Discussion et micro-performance \u00e0 13h00 le 11 f\u00e9vrier<\/strong><\/span><\/p>\n\n\n\n<p><span style=\"color: #ffcc99;\"><a style=\"color: #ffcc99;\" href=\"https:\/\/inter-lelieu.org\/expositions\/servez-a-ce-monsieur-une-biere-et-des-kiwis-steffie-belanger\/\" target=\"_blank\" rel=\"noopener\">inter-lelieu.org\/expositions<\/a><\/span><\/p>\n\n\n\n<p>Article du soleil par&nbsp;JOSIANNE DESLOGES :&nbsp;<span style=\"color: #ffcc99;\"><a style=\"color: #ffcc99;\" href=\"https:\/\/www.lesoleil.com\/2023\/01\/28\/steffie-belanger-au-lieu-des-sculptures-mondaines-pleines-desprit-952deb4439b380b5f837ed34372fece8?fbclid=IwAR38LwhleKhpZAMHWs0cMlKeKuORBfUHeqF08xgTwJYSKeCCiI_0bw882M8\" target=\"_blank\" rel=\"noopener\">LeSoleil_SteffieBelanger<\/a><\/span><\/p>\n\n\n<div class=\"wp-block-image\">\n<figure class=\"alignleft\"><a href=\"https:\/\/www.steffiebelanger.com\/wp-content\/uploads\/2016\/07\/Credit_Noah_Ndorisiyoni.jpeg\"><img loading=\"lazy\" decoding=\"async\" width=\"1024\" height=\"768\" src=\"https:\/\/www.steffiebelanger.com\/wp-content\/uploads\/2016\/07\/Credit_Noah_Ndorisiyoni-1024x768.jpeg\" alt=\"Credit_Noah_Ndorisiyoni\" class=\"wp-image-257\" srcset=\"https:\/\/www.steffiebelanger.com\/wp-content\/uploads\/2016\/07\/Credit_Noah_Ndorisiyoni-1024x768.jpeg 1024w, https:\/\/www.steffiebelanger.com\/wp-content\/uploads\/2016\/07\/Credit_Noah_Ndorisiyoni-300x225.jpeg 300w, https:\/\/www.steffiebelanger.com\/wp-content\/uploads\/2016\/07\/Credit_Noah_Ndorisiyoni-507x380.jpeg 507w\" sizes=\"auto, (max-width: 1024px) 100vw, 1024px\" \/><\/a><figcaption class=\"wp-element-caption\"><span style=\"color: #000000;\">\u00a0Cr\u00e9dit photo :\u00a0Noah Ndorisiyoni<\/span><\/figcaption><\/figure>\n<\/div>\n\n\n<hr class=\"wp-block-separator has-alpha-channel-opacity\"\/>\n\n\n\n<p><br> <iframe loading=\"lazy\" title=\"YouTube video player\" src=\"https:\/\/www.youtube.com\/embed\/mb7ehWyqcOk\" width=\"560\" height=\"315\" frameborder=\"0\" allowfullscreen=\"allowfullscreen\"><\/iframe><\/p>\n\n\n\n<h3 class=\"wp-block-heading has-large-font-size\"><span style=\"color: #800080;\"><i>FAIRE COMMUNAUT\u00c9\u00a0: L\u2019IMPRIM\u00c9 QUI RASSEMBLE<\/i><\/span><\/h3>\n\n\n\n<p>Commissaire : Andr\u00e9e-Anne Dupuis-Bourret<\/p>\n\n\n\n<p>Exposition de groupe et projet <em><span style=\"color: #800080;\">VIE DE CONDO<\/span><\/em> r\u00e9alis\u00e9 en collaboration avec Jacinthe Loranger<\/p>\n\n\n\n<p><span style=\"color: #800080;\"><b>Du&nbsp;dimanche 27 novembre 2022 au dimanche 29 janvier 2023<\/b><\/span><\/p>\n\n\n\n<p>Salle Alfred Pellan, Laval<br>\n<iframe loading=\"lazy\" title=\"YouTube video player\" src=\"https:\/\/www.youtube.com\/embed\/KYlR9vw9gXI\" width=\"560\" height=\"315\" frameborder=\"0\" allowfullscreen=\"allowfullscreen\"><\/iframe><\/p>\n\n\n\n<p>&nbsp;<\/p>\n\n\n\n<h1 class=\"wp-block-heading\"><span style=\"color: #339966;\"><em>SERVEZ \u00c0 CE MONSIEUR UNE BI\u00c8RE ET DES KIWIS<\/em><\/span><\/h1>\n\n\n\n<p>Galerie B-312, Belgo<\/p>\n\n\n\n<p>Exposition solo<\/p>\n\n\n\n<p>Du 28 novembre au 11 d\u00e9cembre<\/p>\n\n\n\n<p><span style=\"color: #339966;\"><a style=\"color: #339966;\" href=\"https:\/\/galerieb312.ca\/programmation\/steffie-belanger-servez-ce-monsieur-une-biere-et-des-kiwis\" target=\"_blank\" rel=\"noopener\">galerieb312.ca\/programmation\/steffie-belanger<\/a><\/span><\/p>\n\n\n<div class=\"wp-block-image\">\n<figure class=\"alignleft\"><a href=\"https:\/\/www.steffiebelanger.com\/wp-content\/uploads\/2016\/07\/GLH1350_Photo-Guy-LHeureux1.jpg\"><img loading=\"lazy\" decoding=\"async\" width=\"1024\" height=\"676\" src=\"https:\/\/www.steffiebelanger.com\/wp-content\/uploads\/2016\/07\/GLH1350_Photo-Guy-LHeureux1.jpg\" alt=\"_GLH1350_Photo-Guy-LHeureux\" class=\"wp-image-247\" srcset=\"https:\/\/www.steffiebelanger.com\/wp-content\/uploads\/2016\/07\/GLH1350_Photo-Guy-LHeureux1.jpg 1024w, https:\/\/www.steffiebelanger.com\/wp-content\/uploads\/2016\/07\/GLH1350_Photo-Guy-LHeureux1-300x198.jpg 300w, https:\/\/www.steffiebelanger.com\/wp-content\/uploads\/2016\/07\/GLH1350_Photo-Guy-LHeureux1-576x380.jpg 576w\" sizes=\"auto, (max-width: 1024px) 100vw, 1024px\" \/><\/a><figcaption class=\"wp-element-caption\">Cr\u00e9dit photo : Guy L&rsquo;Heureux<\/figcaption><\/figure>\n<\/div>\n\n\n<p><\/p>\n\n\n\n<hr class=\"wp-block-separator has-alpha-channel-opacity\"\/>\n\n\n\n<p>&nbsp;<\/p>\n\n\n\n<h1 class=\"wp-block-heading\"><span style=\"color: #ff6600;\"><em>Soir\u00e9e mondaine <\/em><\/span><\/h1>\n\n\n\n<p>Quai 5160, verdun<\/p>\n\n\n\n<p>Exposition solo<\/p>\n\n\n\n<p>Du 7 mars au 19 avril 2020<\/p>\n\n\n<div class=\"wp-block-image\">\n<figure class=\"alignleft\"><a href=\"https:\/\/www.steffiebelanger.com\/wp-content\/uploads\/2015\/02\/Vue_densemble_1.jpeg\"><img loading=\"lazy\" decoding=\"async\" width=\"2880\" height=\"1323\" src=\"https:\/\/www.steffiebelanger.com\/wp-content\/uploads\/2015\/02\/Vue_densemble_1.jpeg\" alt=\"Vue d'ensemble 01\" class=\"wp-image-218\" srcset=\"https:\/\/www.steffiebelanger.com\/wp-content\/uploads\/2015\/02\/Vue_densemble_1.jpeg 2880w, https:\/\/www.steffiebelanger.com\/wp-content\/uploads\/2015\/02\/Vue_densemble_1-300x138.jpeg 300w, https:\/\/www.steffiebelanger.com\/wp-content\/uploads\/2015\/02\/Vue_densemble_1-1024x470.jpeg 1024w, https:\/\/www.steffiebelanger.com\/wp-content\/uploads\/2015\/02\/Vue_densemble_1-827x380.jpeg 827w\" sizes=\"auto, (max-width: 2880px) 100vw, 2880px\" \/><\/a><\/figure>\n<\/div>\n\n\n<p><\/p>\n\n\n\n<hr class=\"wp-block-separator has-alpha-channel-opacity\"\/>\n\n\n\n<h1 class=\"wp-block-heading\"><em><span style=\"color: #003366;\">Jeux et d\u00e9tournements<\/span><\/em><\/h1>\n\n\n\n<p>Centre d&rsquo;arts visuels Lethbridge, ville St-Laurent<\/p>\n\n\n\n<p>Exposition de groupe<\/p>\n\n\n\n<p>Du&nbsp;18 juin au 23 ao\u00fbt 2020<\/p>\n\n\n<div class=\"wp-block-image\">\n<figure class=\"alignleft\"><a href=\"https:\/\/www.steffiebelanger.com\/wp-content\/uploads\/2016\/07\/JD_carton_2.jpg\"><img loading=\"lazy\" decoding=\"async\" width=\"2550\" height=\"1050\" src=\"https:\/\/www.steffiebelanger.com\/wp-content\/uploads\/2016\/07\/JD_carton_2.jpg\" alt=\"JD_carton_2\" class=\"wp-image-249\" srcset=\"https:\/\/www.steffiebelanger.com\/wp-content\/uploads\/2016\/07\/JD_carton_2.jpg 2550w, https:\/\/www.steffiebelanger.com\/wp-content\/uploads\/2016\/07\/JD_carton_2-300x124.jpg 300w, https:\/\/www.steffiebelanger.com\/wp-content\/uploads\/2016\/07\/JD_carton_2-1024x422.jpg 1024w, https:\/\/www.steffiebelanger.com\/wp-content\/uploads\/2016\/07\/JD_carton_2-923x380.jpg 923w\" sizes=\"auto, (max-width: 2550px) 100vw, 2550px\" \/><\/a><\/figure>\n<\/div>\n\n\n<p><\/p>\n\n\n\n<h1 class=\"wp-block-heading\"><\/h1>\n\n\n\n<hr class=\"wp-block-separator has-alpha-channel-opacity\"\/>\n\n\n\n<p>&nbsp;<\/p>\n\n\n\n<h1 class=\"wp-block-heading\"><span style=\"color: #800080;\"><em>J&rsquo;AURAIS VOULU \u00caTRE UN ARTISTE SUISSE<\/em><\/span><\/h1>\n\n\n\n<p><span style=\"color: #000000;\">CDEX, universit\u00e9 du Qu\u00e9bec \u00e0 Montr\u00e9al (<\/span>405 Ste-Catherine \/ St-Denis&nbsp;local J-R930)<\/p>\n\n\n\n<p>Exposition de fin de maitrise<\/p>\n\n\n\n<p>Du 16 au 21 octobre 2017<\/p>\n\n\n\n<p>&nbsp;<\/p>\n\n\n\n<hr class=\"wp-block-separator has-alpha-channel-opacity\"\/>\n\n\n\n<p>&nbsp;<\/p>\n\n\n\n<h1 class=\"wp-block-heading\"><em><span style=\"color: #33cccc;\">Espaces en pratique<\/span><\/em><\/h1>\n\n\n\n<p>Laboratoire de cr\u00e9ation et d&rsquo;exposition en collaboration entre le centre VU et l&rsquo;Oeil de Poisson \u00e0 Qu\u00e9bec<\/p>\n\n\n\n<p>R\u00e9sidence et exposition de groupe<\/p>\n\n\n\n<p>Du 17 juin au 30 juillet 2017<\/p>\n\n\n\n<h2 class=\"wp-block-heading\"><\/h2>\n\n\n<div class=\"wp-block-image\">\n<figure class=\"aligncenter\"><a href=\"https:\/\/www.steffiebelanger.com\/wp-content\/uploads\/2016\/07\/19984005_1389638927756252_4609099273028971589_o.jpg\"><img loading=\"lazy\" decoding=\"async\" width=\"1920\" height=\"1080\" src=\"https:\/\/www.steffiebelanger.com\/wp-content\/uploads\/2016\/07\/19984005_1389638927756252_4609099273028971589_o.jpg\" alt=\"19984005_1389638927756252_4609099273028971589_o\" class=\"wp-image-170\" srcset=\"https:\/\/www.steffiebelanger.com\/wp-content\/uploads\/2016\/07\/19984005_1389638927756252_4609099273028971589_o.jpg 1920w, https:\/\/www.steffiebelanger.com\/wp-content\/uploads\/2016\/07\/19984005_1389638927756252_4609099273028971589_o-300x169.jpg 300w, https:\/\/www.steffiebelanger.com\/wp-content\/uploads\/2016\/07\/19984005_1389638927756252_4609099273028971589_o-1024x576.jpg 1024w, https:\/\/www.steffiebelanger.com\/wp-content\/uploads\/2016\/07\/19984005_1389638927756252_4609099273028971589_o-676x380.jpg 676w\" sizes=\"auto, (max-width: 1920px) 100vw, 1920px\" \/><\/a><\/figure>\n<\/div>\n\n\n<p><span style=\"color: #33cccc;\"><a style=\"color: #33cccc;\" href=\"https:\/\/vuphoto.org\/fr\/exposition\/536\/Steffie-Belanger-Emilie-Bernard-OBV-Cynthia-Fecteau-Mathieu-Fecteau-Nathalie-LeBlanc-Jean-Michel-Rene-Olivier-Roberge\/\" target=\"_blank\" rel=\"noopener\">vuphoto.org\/fr\/exposition<\/a><\/span><\/p>\n\n\n\n<p><span style=\"color: #33cccc;\"><a style=\"color: #33cccc;\" href=\"http:\/\/www.oeildepoisson.com\/_programmation\/grande_galerie.php\" target=\"_blank\" rel=\"noopener\">oeildepoisson.com\/programmation\/grande_galerie<\/a><\/span><\/p>\n\n\n\n<hr class=\"wp-block-separator has-alpha-channel-opacity\"\/>\n\n\n\n<p class=\"has-large-font-size\">\u00a0<em><span style=\"color: #fa4219;\">L&rsquo;UTILIT\u00c9 DE L&rsquo;INUTILIT\u00c9<\/span><\/em><\/p>\n\n\n\n<p>Salle Alfred Pellan, Laval<\/p>\n\n\n\n<p>Exposition solo<\/p>\n\n\n\n<p>commissaire: Manon Tourigny<\/p>\n\n\n\n<p>Du 19 f\u00e9vrier au 23 avril 2017<\/p>\n\n\n<div class=\"wp-block-image\">\n<figure class=\"alignleft\"><a href=\"https:\/\/www.steffiebelanger.com\/wp-content\/uploads\/2016\/07\/AUTOMNE_2015_STEFFIE-05.jpg\"><img loading=\"lazy\" decoding=\"async\" width=\"3400\" height=\"5100\" src=\"https:\/\/www.steffiebelanger.com\/wp-content\/uploads\/2016\/07\/AUTOMNE_2015_STEFFIE-05.jpg\" alt=\"\u00a9 Jean S\u00e9bastien Veilleux\" class=\"wp-image-151\" srcset=\"https:\/\/www.steffiebelanger.com\/wp-content\/uploads\/2016\/07\/AUTOMNE_2015_STEFFIE-05.jpg 3400w, https:\/\/www.steffiebelanger.com\/wp-content\/uploads\/2016\/07\/AUTOMNE_2015_STEFFIE-05-200x300.jpg 200w, https:\/\/www.steffiebelanger.com\/wp-content\/uploads\/2016\/07\/AUTOMNE_2015_STEFFIE-05-683x1024.jpg 683w, https:\/\/www.steffiebelanger.com\/wp-content\/uploads\/2016\/07\/AUTOMNE_2015_STEFFIE-05-253x380.jpg 253w\" sizes=\"auto, (max-width: 3400px) 100vw, 3400px\" \/><\/a><figcaption class=\"wp-element-caption\">\u00a9 Jean S\u00e9bastien Veilleux<\/figcaption><\/figure>\n<\/div>\n\n\n<p><\/p>\n\n\n\n<p><span style=\"color: #fa4219;\"><a style=\"color: #fa4219;\" href=\"https:\/\/www.laval.ca\/maisondesarts\/Documents\/mda-30-ans-brochure-2016-2017.pdf\" target=\"_blank\" rel=\"noopener\">www.laval.ca\/maisondesarts\/pdfprogrammation<\/a><\/span><\/p>\n\n\n\n<hr class=\"wp-block-separator has-alpha-channel-opacity\"\/>\n\n\n\n<p>&nbsp;<\/p>\n\n\n\n<h1 class=\"wp-block-heading\"><em><span style=\"color: #008000;\">ATELIERS JEAN BRILLANT<\/span><\/em><\/h1>\n\n\n\n<p><span class=\"_50f4\">3550 St Jacques, St-Henri,&nbsp;<\/span><span class=\"_50f4\">Montr\u00e9al<\/span><\/p>\n\n\n\n<p>Exposition de groupe<\/p>\n\n\n\n<p>Du 1er d\u00e9cembre au 8 d\u00e9cembre 2016<\/p>\n\n\n\n<p>&nbsp;<\/p>\n\n\n\n<hr class=\"wp-block-separator has-alpha-channel-opacity\"\/>\n\n\n\n<p>&nbsp;<\/p>\n\n\n\n<h1 class=\"wp-block-heading\"><span style=\"color: #fae719;\"><em>ARTIST AT WORK<\/em><\/span><\/h1>\n\n\n\n<p>Galerie Fofa, Concordia<\/p>\n\n\n\n<p>R\u00e9sidence et exposition<\/p>\n\n\n\n<p>Du 11 juillet au 26 ao\u00fbt 2016<\/p>\n\n\n<div class=\"wp-block-image\">\n<figure class=\"alignleft\"><a href=\"https:\/\/www.steffiebelanger.com\/wp-content\/uploads\/2016\/07\/20160812-Artists-at-Work-Summer-Residency-FOFA-070.jpg\"><img loading=\"lazy\" decoding=\"async\" width=\"5760\" height=\"3840\" src=\"https:\/\/www.steffiebelanger.com\/wp-content\/uploads\/2016\/07\/20160812-Artists-at-Work-Summer-Residency-FOFA-070.jpg\" alt=\"\u00a9 Concordia University\" class=\"wp-image-147\" srcset=\"https:\/\/www.steffiebelanger.com\/wp-content\/uploads\/2016\/07\/20160812-Artists-at-Work-Summer-Residency-FOFA-070.jpg 5760w, https:\/\/www.steffiebelanger.com\/wp-content\/uploads\/2016\/07\/20160812-Artists-at-Work-Summer-Residency-FOFA-070-300x200.jpg 300w, https:\/\/www.steffiebelanger.com\/wp-content\/uploads\/2016\/07\/20160812-Artists-at-Work-Summer-Residency-FOFA-070-1024x683.jpg 1024w, https:\/\/www.steffiebelanger.com\/wp-content\/uploads\/2016\/07\/20160812-Artists-at-Work-Summer-Residency-FOFA-070-570x380.jpg 570w\" sizes=\"auto, (max-width: 5760px) 100vw, 5760px\" \/><\/a><figcaption class=\"wp-element-caption\">\u00a9 Concordia University<\/figcaption><\/figure>\n<\/div>\n\n\n<p><span style=\"color: #fae719;\"><a style=\"color: #fae719;\" href=\"http:\/\/www.concordia.ca\/content\/shared\/en\/events\/finearts\/fofa\/2016\/07\/11\/artists-at-work.html\" target=\"_blank\" rel=\"noopener\">www.concordia.ca\/fofa-residency<\/a>&nbsp;<\/span><\/p>\n\n\n\n<p><span style=\"color: #fae719;\"><a style=\"color: #fae719;\" href=\"http:\/\/us5.campaign-archive1.com\/?u=fdf998376643736ddbe834188&amp;id=abacd58e47\" target=\"_blank\" rel=\"noopener\">www.fofa.com<\/a><\/span><\/p>\n\n\n\n<hr class=\"wp-block-separator has-alpha-channel-opacity\"\/>\n\n\n\n<p>&nbsp;<\/p>\n\n\n\n<h1 class=\"wp-block-heading\"><em><span style=\"color: #003366;\">Est-nord-Est<\/span><\/em><\/h1>\n\n\n\n<p>St-Jean-Port-Jolie<\/p>\n\n\n\n<p>R\u00e9sidence<\/p>\n\n\n\n<p>Du 14 septembre au 6 novembre 2015<\/p>\n\n\n<div class=\"wp-block-image\">\n<figure class=\"alignleft\"><a href=\"https:\/\/www.steffiebelanger.com\/wp-content\/uploads\/2016\/07\/12.jpg\"><img loading=\"lazy\" decoding=\"async\" width=\"6000\" height=\"4000\" src=\"https:\/\/www.steffiebelanger.com\/wp-content\/uploads\/2016\/07\/12.jpg\" alt=\"\" class=\"wp-image-149\" srcset=\"https:\/\/www.steffiebelanger.com\/wp-content\/uploads\/2016\/07\/12.jpg 6000w, https:\/\/www.steffiebelanger.com\/wp-content\/uploads\/2016\/07\/12-300x200.jpg 300w, https:\/\/www.steffiebelanger.com\/wp-content\/uploads\/2016\/07\/12-1024x683.jpg 1024w, https:\/\/www.steffiebelanger.com\/wp-content\/uploads\/2016\/07\/12-570x380.jpg 570w\" sizes=\"auto, (max-width: 6000px) 100vw, 6000px\" \/><\/a><\/figure>\n<\/div>\n\n\n<p><\/p>\n\n\n\n<p><span style=\"color: #003366;\">estnordest.org\/residence-2015<\/span><\/p>\n","protected":false},"excerpt":{"rendered":"<p>\u00c9V\u00c9NEMENT \u00c0 VENIR Mi-figue, mi-raisin Exposition \u00e0 la maison des artistes francophones de Winnipeg En collaboration avec l&rsquo;artiste Joannie Boulais \u00c9t\u00e9 2026 \u00c9V\u00c9NEMENTS PASS\u00c9S Air d&rsquo;\u00e9t\u00e9, tout l\u00e9ger Exposition solo \u00e0 CIRCA art actuel : mars \u00e0 avril 2025 SERVEZ \u00c0 CE MONSIEUR UNE BI\u00c8RE ET DES KIWIS (en voyage) Le Lieu, centre en art &hellip; <a href=\"https:\/\/www.steffiebelanger.com\/?page_id=127\" class=\"more-link\">Lire la suite <span class=\"screen-reader-text\">Agenda<\/span><\/a><\/p>\n","protected":false},"author":1,"featured_media":0,"parent":0,"menu_order":0,"comment_status":"closed","ping_status":"closed","template":"","meta":{"footnotes":""},"class_list":["post-127","page","type-page","status-publish","hentry","without-featured-image"],"_links":{"self":[{"href":"https:\/\/www.steffiebelanger.com\/index.php?rest_route=\/wp\/v2\/pages\/127","targetHints":{"allow":["GET"]}}],"collection":[{"href":"https:\/\/www.steffiebelanger.com\/index.php?rest_route=\/wp\/v2\/pages"}],"about":[{"href":"https:\/\/www.steffiebelanger.com\/index.php?rest_route=\/wp\/v2\/types\/page"}],"author":[{"embeddable":true,"href":"https:\/\/www.steffiebelanger.com\/index.php?rest_route=\/wp\/v2\/users\/1"}],"replies":[{"embeddable":true,"href":"https:\/\/www.steffiebelanger.com\/index.php?rest_route=%2Fwp%2Fv2%2Fcomments&post=127"}],"version-history":[{"count":32,"href":"https:\/\/www.steffiebelanger.com\/index.php?rest_route=\/wp\/v2\/pages\/127\/revisions"}],"predecessor-version":[{"id":378,"href":"https:\/\/www.steffiebelanger.com\/index.php?rest_route=\/wp\/v2\/pages\/127\/revisions\/378"}],"wp:attachment":[{"href":"https:\/\/www.steffiebelanger.com\/index.php?rest_route=%2Fwp%2Fv2%2Fmedia&parent=127"}],"curies":[{"name":"wp","href":"https:\/\/api.w.org\/{rel}","templated":true}]}}